-6*c)/(-5)?
127
Let j(l) = 5*l**2 + 188*l - 317. List the prime factors of j(54).
5, 19, 257
Let h = 3236 - 3204. Let z be -3*146*(-1)/(-3). What are the prime factors of 16/h + z/(-4)?
37
Let x(c) = 88*c + 32. Suppose -3*i + 341 - 326 = 0. List the prime factors of x(i).
2, 59
Suppose -2435 = -z - 5*f, -10*z - 4*f = -15*z + 12204. What are the prime factors of z?
2, 5, 61
Let c = -58 - -60. Suppose c*d - 6*d = -24. List the prime factors of -1 - (-96 + 4/(d - 2)).
2, 47
Let c(u) = 458*u**2 - 42*u + 75. List the prime factors of c(2).
1823
Let g(q) = q**2 + 3*q - 9. Let l be (-3)/((-24)/52)*(-6)/(-1). Suppose 0 = -l*b + 36*b - 24. What are the prime factors of g(b)?
31
Let v(u) = 2*u + 16. Let n be v(-2). Suppose -2634 = n*c - 18*c. List the prime factors of c.
439
Suppose 1115*u - 1095*u = 954860. What are the prime factors of u?
47743
Suppose -36 = -81*j + 75*j. List the prime factors of ((-9)/j)/(3/(-6)) - -522.
3, 5, 7
Suppose -48 = 4*r - 116. Suppose -24*k = -r*k - 2282. What are the prime factors of k?
2, 163
Let p(b) = -2*b + 15. Let q be p(7). Suppose 0 = -3*i - 484 + q. Let s = 301 + i. List the prime factors of s.
2, 5, 7
Suppose 4*h - i + 2*i - 1882 = 0, 2*h + i - 942 = 0. What are the prime factors of h?
2, 5, 47
Let p(u) = -3*u**2 - 3*u - 3. Let m(d) = -14*d**2 - 15*d - 16. Let h(j) = 2*m(j) - 11*p(j). Let n be h(-2). Let v = 19 - n. What are the prime factors of v?
2
Let p(k) = 351*k**2 + 3*k + 2. Let f = -292 - -291. What are the prime factors of p(f)?
2, 5, 7
Suppose -t - t + 2*y = -2, -31 = -3*t - 4*y. Suppose u = 2*a + 301, t*a = u - 446 + 157. List the prime factors of 2/(8/u) + 1/(-4).
7, 11
What are the prime factors of (-1)/(13/(-91)) - 18734/(-1 + -1)?
2, 43, 109
Let z be (1*-5 - -2) + -1574 + 18. Let k = -751 - z. What are the prime factors of k?
2, 101
Let q be (-2)/(-2) + -4*31. Let a = 126 + q. What are the prime factors of 2/a + 6392/51?
2, 3, 7
Let k(v) = -v**3 + 7*v**2 - 7*v - 1. Let i(x) = -x**2 + x + 1. Let a(q) = -4*i(q) - k(q). Let f be a(3). What are the prime factors of f/42 + (-810)/(-14)?
2, 29
Let a = -212 + 1442. List the prime factors of ((-6)/(-5))/(41/a).
2, 3
Suppose 73*u + 68*u - 14*u = 892048. What are the prime factors of u?
2, 439
Let p(d) be the second derivative of d**5/20 - d**4/3 - 13*d**3/6 - d**2 + 5*d + 2. Let m be p(7). List the prime factors of (-1086)/m*-3*3.
181
Let u = -3379 + 10555. What are the prime factors of u?
2, 3, 13, 23
Suppose -182 = 64*y - 566. Suppose -2*q = -2, y*g + 147 = 11*g + 2*q. List the prime factors of g.
29
Suppose 2*y = -12 + 48. Let s(f) be the first derivative of 2*f**3/3 - 23*f**2/2 - 16*f + 1442. List the prime factors of s(y).
2, 109
Suppose 11*d + 19 - 52 = 0. Suppose 3*f - 6 = d. What are the prime factors of ((-66)/(-12))/(f/18)?
3, 11
Suppose 2*f = -5*y + 16979, 0 = 71*y - 69*y - 3*f - 6784. List the prime factors of y.
5, 7, 97
Suppose -19*a + 20*a - 1193 = 0. Suppose a - 3911 = -9*g. List the prime factors of g.
2, 151
Suppose -x + 0*x + 360 = 0. Suppose 11*g - x = 6*g. Let z = g + -5. What are the prime factors of z?
67
Let n = -21507 - -71869. Suppose 0 = 43*p - 17*p - n. List the prime factors of p.
13, 149
Let k(v) = v**3 + 1. Let x be k(0). Suppose 0 = 5*c + 2*c + 87808. What are the prime factors of c/(-147) - 1/(3*x)?
5, 17
Suppose -5*o + 600 = 7*x - 2*x, 3*x - o - 356 = 0. Suppose x*k = 109*k + 5400. What are the prime factors of k?
2, 3, 5
Let r(t) = -70*t + 29*t + 13*t + 26*t + 5 + 2*t**2. Let u be 1/(((-3)/15)/1). What are the prime factors of r(u)?
5, 13
Suppose -2*u - 6 = 0, 2*m - 5*u = -0*m - 159. Let d = 111 + m. Suppose 497 = -17*p + d*p. What are the prime factors of p?
71
Suppose -2*f - 6 = -2, -5*f = 3*m - 1133. Let p = -83 + m. List the prime factors of p.
2, 149
Let k(x) = 8*x**2 - 17*x - 40. Let h be (4/(-10))/((-5)/175). List the prime factors of k(h).
2, 3, 5, 43
Let o(c) = 395*c**2 + 169*c - 928. List the prime factors of o(7).
2, 5, 37, 53
Let h(g) = -g**3 - g**2 + 3*g + 2. Let a be h(3). Let m(x) = -2*x**3 - 50*x**2 - 13*x - 28. What are the prime factors of m(a)?
3, 11
Suppose 0 = -4*a + 34*h - 32*h + 16830, 4*h = 3*a - 12630. List the prime factors of a.
2, 3, 701
Let c be (11416/12)/((-16)/(-48)). Let k = c - 1681. List the prime factors of k.
3, 17, 23
Let n = 14842 - 1840. What are the prime factors of n?
2, 3, 11, 197
Let b(q) = 114*q**2 - 4*q - 2. Let h be b(-3). Suppose 4*z - 818 = 3*y, y + 2*y - h = -5*z. Suppose -2*p = -z - 8. What are the prime factors of p?
107
Let f = 12087 - 5552. List the prime factors of f.
5, 1307
Let n be (5 - -2 - 3) + 500. Let s = n + -36. Suppose 5*c - 74 - s = 3*u, 3*c + 4*u = 302. List the prime factors of c.
2, 53
What are the prime factors of 8 - (-1044351)/27 - 130/78?
2, 23, 29
Suppose -1666 = 2*c - 3*c. Suppose 4*q - c = 5*d, 5*d - 298 - 106 = -q. What are the prime factors of q?
2, 3, 23
Let f(s) = 10*s + 3. Let k = 23 - -41. Suppose -4*d + k + 12 = 0. What are the prime factors of f(d)?
193
Let o = -196 + 196. Suppose 25*p - 24*p - 384 = o. What are the prime factors of p?
2, 3
List the prime factors of (-188727)/(-6) - (-471)/(-314).
71, 443
Let b(t) = 271*t**3 - 10*t**2 + 42*t - 167. What are the prime factors of b(4)?
5, 7, 491
Suppose -30559 + 7087 = -12*l. Suppose -3*z = 5*a - 1916, -z + 3*a + l = 2*z. List the prime factors of z.
647
Let y be ((-14)/35)/((-3931)/1310 - -3). Let f = 1263 - y. List the prime factors of f.
739
Let s = -2633 + 4060. Suppose s + 1063 = 15*l. List the prime factors of l.
2, 83
Suppose 23*v - 25*v = 4*a - 95686, v - 2*a - 47867 = 0. List the prime factors of v.
5, 17, 563
Let o = -171 - -174. List the prime factors of (o - (-519)/(-9))/((-3)/9).
2, 41
Suppose 133012 + 141127 = 109*v - 73571. List the prime factors of v.
2, 5, 11, 29
Let j(h) be the second derivative of -11*h**3 + 93*h**2/2 - 104*h + 2. What are the prime factors of j(-22)?
3, 5, 103
Suppose -w = -3*w. Let q(y) = -4*y + 5. Let j be q(w). Suppose -m - j*u = 2*m - 19, -4 = 4*u. What are the prime factors of m?
2
Let g be (-140)/(-18) + 6/27. Suppose -g*n + 135 = -3*n. Suppose -4*o + 5*s + 192 = 0, 4*o = s + 203 - n. What are the prime factors of o?
43
Suppose 4*q = 1368 + 6132. Suppose -44*h + q = -39*h. What are the prime factors of h?
3, 5
Let u(k) be the first derivative of k**3 + 341*k - 47. What are the prime factors of u(0)?
11, 31
Suppose -8*b + 1 = -31. Suppose 0 = b*k + z - 2800, 2*z = 3*k - 1787 - 324. What are the prime factors of k?
701
Suppose -13*o + 172789 = 60274. What are the prime factors of o?
3, 5, 577
Let g be 3/1*(-1 + -11). Let u = 3468 + -6880. What are the prime factors of u/g - 6/(-27)?
5, 19
Let h(n) = -3*n + 62. Let l(i) = 2*i**3 + 3*i**2 - 6*i - 9. Let a be l(-3). What are the prime factors of h(a)?
2, 29
Suppose -y - 1 = -6*w + 5*w, 3*w - 2*y - 7 = 0. Let k(v) = -w - 9*v + 24*v - 7*v. What are the prime factors of k(17)?
131
Suppose -13*p - 14 = -15*p. Suppose -4*i - 23 = -3*g, g + i + p = 2*g. Suppose -4*w - 252 = -2*j - 3*j, g*w - 129 = -3*j. List the prime factors of j.
2, 3
Suppose 6*c - 8*c + 54 = 0. Let j be c + 2 - (-4 - -9). Suppose 1049 - j = 5*b. List the prime factors of b.
5, 41
Suppose 87*r - 2005461 - 1818276 = 0. What are the prime factors of r?
43951
Let a(r) = r - 3. Let b be a(1). List the prime factors of (-5 - 351/(-6))/(b/(-12)).
3, 107
Suppose 25*f - 10*f = 45. Suppose -5*g - 4*z = -5853, 2*g + f*z = 2969 - 632. What are the prime factors of g?
3, 17, 23
Let d = -15285 - -16901. What are the prime factors of d?
2, 101
Let k = -919 - -1192. What are the prime factors of k?
3, 7, 13
Suppose 3*z + 5*m - 46021 = 0, -19*z - 15345 = -20*z + 3*m. List the prime factors of z.
2, 3, 2557
Let p(c) = 76*c - 9. Suppose 0 = 5*x - 4*g - 46, g + 4 = -5*x + 30. What are the prime factors of p(x)?
3, 149
What are the prime factors of 12600/2 + (12/20 - 2/(-5))?
6301
Let i be 235/45 - (-1 - 22/(-18)). Suppose 5*c - 22857 = x, -i*x = -5*c - 2*x + 22851. Suppose -10*u - 8*u = -c. List the prime factors of u.
2, 127
Suppose -49*d = 45*d + 10*d - 53768. What are the prime factors of d?
11, 47
Let l = -43909 - -78140. Suppose s + 2*s + l = 5*b, -2*b = 5*s + 57062. List the prime factors of s/(-84) + (-1)/(-7).
2, 17
Suppose i + 4*g = 56186, -6*i - 5